{"id":225,"date":"2023-02-09T15:30:43","date_gmt":"2023-02-09T14:30:43","guid":{"rendered":"http:\/\/www.agrochallenges.com\/?page_id=225"},"modified":"2023-02-10T15:29:09","modified_gmt":"2023-02-10T14:29:09","slug":"o-jogo-2","status":"publish","type":"page","link":"http:\/\/www.agrochallenges.com\/index.php\/pt\/o-jogo-2\/","title":{"rendered":"O jogo"},"content":{"rendered":"\n\n\t\t\t\t<img loading=\"lazy\" decoding=\"async\" src=\"http:\/\/www.agrochallenges.com\/wp-content\/uploads\/2021\/06\/Logo_AG.jpg\" alt=\"Agrochallenges\" itemprop=\"image\" height=\"224\" width=\"224\" title=\"Logo_AG\" onerror=\"this.style.display='none'\"  \/>\n<h2>\n\t\tO jogo da agroecologia\n\t<\/h2>\n\t<p>AGROCHALLENGES \u00e9 um jogo de cartas composto por 21 cartas de problemas e 21 cartas de solu\u00e7\u00f5es. Permite adquirir conhecimento e ter no\u00e7\u00e3o do conceito de agroecologia, jogando sozinho ou em equipe. Por meio de diferentes modos de jogo (competitivo, cooperativo, estrat\u00e9gico), compartilhe seus conhecimentos e confronte suas ideias em forma de debate, em torno das quest\u00f5es econ\u00f4micas, ambientais, sociais, alimentares e territoriais da transi\u00e7\u00e3o agroecol\u00f3gica.<\/p>\n<p>O jogo destaca uma abordagem ampla do conceito de agroecologia, integrando diferentes dimens\u00f5es (agron\u00f4mica, ambiental, econ\u00f4mica, social, etc.) e escalas (local e global).<\/p>\n<p>Foi concebido como um passo em uma sequ\u00eancia educacional mais longa, permitindo trabalhar as representa\u00e7\u00f5es dos atores, fornecer alguns conhecimentos e defini\u00e7\u00f5es, descobrir a abordagem sist\u00eamica da agroecologia. Promove o envolvimento dos jogadores, desperta a organiza\u00e7\u00e3o de debates e a curiosidade de todos.<\/p>\n\t\t\t\t<img loading=\"lazy\" decoding=\"async\" src=\"http:\/\/www.agrochallenges.com\/wp-content\/uploads\/2023\/02\/IMG-20230209-WA0007.jpg\" alt=\"IMG-20230209-WA0007\" itemprop=\"image\" height=\"967\" width=\"1324\" title=\"IMG-20230209-WA0007\" onerror=\"this.style.display='none'\"  \/>\n<h2>\n\t\tA hist\u00f3ria do Agrochallenges\n\t<\/h2>\n\t<p>Este jogo foi imaginado e desenvolvido por Quentin Vaulot (designer), Danuta Rzewuki e Vincent Rousval (RED\/Minist\u00e9rio da Agricultura e Alimenta\u00e7\u00e3o) durante um semin\u00e1rio franco-brasileiro sobre agroecologia (2015 &#8211; Lyc\u00e9e agricole d&rsquo;Arras) envolvendo estudantes agr\u00edcolas de ambos os pa\u00edses .<\/p>\n<p>AGROCHALLENGES est\u00e1 dispon\u00edvel em 5 vers\u00f5es: Franc\u00eas, Franco-Alem\u00e3o, Ingl\u00eas, Espanhol e Franco-Portugu\u00eas.<\/p>\n<h2>\n\t\tV\u00e1rios modos de jogo\n\t<\/h2>\n\t\t\t\t<img loading=\"lazy\" decoding=\"async\" src=\"http:\/\/www.agrochallenges.com\/wp-content\/uploads\/2023\/02\/Jouable.png\" alt=\"Jouable\" itemprop=\"image\" height=\"264\" width=\"578\" title=\"Jouable\" onerror=\"this.style.display='none'\"  \/>\n\t\t\t<a href=\"\" target=\"_self\" role=\"button\" rel=\"noopener\">\n\t\t\t\t\t\t\tAgroMind\n\t\t\t\t\t<\/a>\n\tModo de competi\u00e7\u00e3o &#8211; Individual &#8211;<br \/>\nPara descobrir as principais defini\u00e7\u00f5es de agroecologia, incentive os jogadores a compartilhar seus conhecimentos e pensamentos sobre agricultura, meio ambiente&#8230;\n\t\t\t<a href=\"\" target=\"_self\" role=\"button\" rel=\"noopener\">\n\t\t\t\t\t\t\tAgroWin\n\t\t\t\t\t<\/a>\n\tModo de competi\u00e7\u00e3o &#8211; Individual &#8211;<br \/>\nPara descobrir as principais defini\u00e7\u00f5es de agroecologia, incentive os jogadores a compartilhar seus conhecimentos e pensamentos sobre agricultura, meio ambiente&#8230;\n\t\t\t<a href=\"\" target=\"_self\" role=\"button\" rel=\"noopener\">\n\t\t\t\t\t\t\tAgroFun\n\t\t\t\t\t<\/a>\n\t<p>Modo de coopera\u00e7\u00e3o &#8211; Em equipe &#8211; Oferecer um momento de aprofundamento e compreens\u00e3o das solu\u00e7\u00f5es, problemas e combina\u00e7\u00f5es oferecidas no jogo.<\/p>\n\t\t\t<a href=\"\" target=\"_self\" role=\"button\" rel=\"noopener\">\n\t\t\t\t\t\t\tAgroSpeed\n\t\t\t\t\t<\/a>\n\tModo de competi\u00e7\u00e3o &#8211; Individual &#8211;<br \/>\nPara validar conhecimentos, divirta-se e teste seus reflexos\n\t\t\t<a href=\"\" target=\"_self\" role=\"button\" rel=\"noopener\">\n\t\t\t\t\t\t\tAgroBox\n\t\t\t\t\t<\/a>\n\tPara ir mais longe &#8211; Todo o grupo &#8211;<br \/>\nConhecer a dimens\u00e3o multidisciplinar e sist\u00eamica da agroecologia e seus desafios de longo prazo.\n\t\t\t<a href=\"\" target=\"_self\" role=\"button\" rel=\"noopener\">\n\t\t\t\t\t\t\tAgroSpace\n\t\t\t\t\t<\/a>\n\tPara ir mais longe &#8211; Todo o grupo &#8211;<br \/>\nConhecer a dimens\u00e3o multidisciplinar e sist\u00eamica da agroecologia e seus desafios de longo prazo.\n<h2>\n\t\tPontos fortes\n\t<\/h2>\n\t<p>Destinado a um p\u00fablico amplo: estudantes, professores, profissionais do agroneg\u00f3cio que amam a agroecologia&#8230;<\/p>\n\t<p>Adequado para uso educacional, treinamento agr\u00edcola, educa\u00e7\u00e3o para o desenvolvimento sustent\u00e1vel&#8230;<\/p>\n\t<p>Permite o envolvimento dos jogadores e, a partir do seu n\u00edvel de conhecimento sobre o assunto, criar debate, estimular o comprometimento e despertar a curiosidade.<\/p>\n\t<p>Facilmente integrado em m\u00f3dulos de ensino agr\u00edcola e cient\u00edfico (agronomia, estudo da terra, ecologia\/biologia, MIL, AIA, etc.).<\/p>\n\tJogo s\u00e9rio projetado e testado com muitos parceiros de pa\u00edses estrangeiros<br \/>\n(Canad\u00e1, Senegal, Espanha, Portugal, Brasil, Chile, Alemanha, Inglaterra&#8230;).\n<h2>\n\t\tconte\u00fado do jogo\n\t<\/h2>\n\t<p>21 cart\u00f5es de problema<\/p>\n<p>21 cart\u00f5es de solu\u00e7\u00e3o<\/p>\n<p>2 defini\u00e7\u00f5es de cart\u00f5es de mem\u00f3ria<\/p>\n<p>1 livrinho acompanhante<\/p>\n\t\t\t\t<img loading=\"lazy\" decoding=\"async\" src=\"http:\/\/www.agrochallenges.com\/wp-content\/uploads\/2023\/02\/agro_view-scaled.jpg\" alt=\"agro_view\" itemprop=\"image\" height=\"894\" width=\"2560\" title=\"agro_view\" onerror=\"this.style.display='none'\"  \/>\n<h2>\n\t\tUm jogo universal!\n\t<\/h2>\n\t\t\t\t<img loading=\"lazy\" decoding=\"async\" src=\"http:\/\/www.agrochallenges.com\/wp-content\/uploads\/2021\/06\/Agrochallenge_Boxs_flag.jpg\" alt=\"Agochallenges\" itemprop=\"image\" height=\"1046\" width=\"2370\" title=\"Agrochallenge_Boxs_flag\" onerror=\"this.style.display='none'\"  \/>\n\t\t\t\t<img loading=\"lazy\" decoding=\"async\" src=\"http:\/\/www.agrochallenges.com\/wp-content\/uploads\/2023\/02\/Educagri.png\" alt=\"Educagri\" itemprop=\"image\" height=\"253\" width=\"736\" title=\"Educagri\" onerror=\"this.style.display='none'\"  \/>\n\n","protected":false},"excerpt":{"rendered":"<p>O jogo da agroecologia AGROCHALLENGES \u00e9 um jogo de cartas composto por 21 cartas de problemas e 21 cartas de solu\u00e7\u00f5es. Permite adquirir conhecimento e ter no\u00e7\u00e3o do conceito de agroecologia, jogando sozinho ou em equipe. Por meio de diferentes modos de jogo (competitivo, cooperativo, estrat\u00e9gico), compartilhe seus conhecimentos e confronte suas ideias em forma &hellip;<\/p>\n<p class=\"read-more\"> <a class=\"\" href=\"http:\/\/www.agrochallenges.com\/index.php\/pt\/o-jogo-2\/\"> <span class=\"screen-reader-text\">O jogo<\/span> Lire la suite\u00a0\u00bb<\/a><\/p>\n","protected":false},"author":1,"featured_media":0,"parent":0,"menu_order":0,"comment_status":"closed","ping_status":"closed","template":"","meta":{"footnotes":""},"_links":{"self":[{"href":"http:\/\/www.agrochallenges.com\/index.php\/wp-json\/wp\/v2\/pages\/225"}],"collection":[{"href":"http:\/\/www.agrochallenges.com\/index.php\/wp-json\/wp\/v2\/pages"}],"about":[{"href":"http:\/\/www.agrochallenges.com\/index.php\/wp-json\/wp\/v2\/types\/page"}],"author":[{"embeddable":true,"href":"http:\/\/www.agrochallenges.com\/index.php\/wp-json\/wp\/v2\/users\/1"}],"replies":[{"embeddable":true,"href":"http:\/\/www.agrochallenges.com\/index.php\/wp-json\/wp\/v2\/comments?post=225"}],"version-history":[{"count":2,"href":"http:\/\/www.agrochallenges.com\/index.php\/wp-json\/wp\/v2\/pages\/225\/revisions"}],"predecessor-version":[{"id":1452,"href":"http:\/\/www.agrochallenges.com\/index.php\/wp-json\/wp\/v2\/pages\/225\/revisions\/1452"}],"wp:attachment":[{"href":"http:\/\/www.agrochallenges.com\/index.php\/wp-json\/wp\/v2\/media?parent=225"}],"curies":[{"name":"wp","href":"https:\/\/api.w.org\/{rel}","templated":true}]}}